alse
Let y(a) = a**3 + 15*a**2 - 25*a + 40. Is y(-13) composite?
True
Let w(h) = 2*h**2 - 5*h + 4. Let v be w(4). Suppose 4*f = -v, 5*j = 2*f + 7 + 271. Let b = 137 + j. Is b prime?
True
Suppose 2 = 4*a - 5*a. Let w(b) = 241*b**2 - 7*b - 7. Is w(a) a prime number?
True
Suppose 2*a + 5*z = 9, -a - 5*z = -5*a + 3. Suppose 0*p + 260 = 2*v + a*p, 0 = 2*v + 5*p - 275. Suppose -v = -3*n + 70. Is n a prime number?
False
Let j(c) = -c**2 - 11*c + 13. Let b be j(-13). Let x = 18 + b. Suppose w - 1586 = -x*q, -q + 142 + 177 = 2*w. Is q a prime number?
True
Let l(i) = -124*i**3 - 4*i**2 - 4*i - 4. Let d be l(-4). Suppose x + 5*x = d. Suppose -3*p - 3*p + x = 0. Is p composite?
True
Suppose 306126 = 37*x + 17*x. Is x composite?
False
Suppose -7*x + 15*x - 6088 = 0. Suppose -h - x = -2754. Is h a composite number?
False
Let w = 14363 + -8372. Is w prime?
False
Suppose -4*q = -3*d - 9, 5*q + 4*d - 20 = -d. Suppose 4*m - h - 6560 = 0, q*m - 3*h + 2075 = 7004. Is m a prime number?
False
Let x = 75 + 1778. Is x composite?
True
Suppose 0 = -19*c - 69320 + 417609. Is c prime?
False
Let s be 55/22*12/10. Suppose -2*m + 290 = -4*d, s*d + 12 = 3. Is m a composite number?
False
Suppose 0 = -f + 2*v - 17, 3*f - 5 + 36 = v. Is (-10)/(f/(801/2)) a composite number?
True
Suppose n = 2*b - 519, 5*n - 87 = -4*b + 916. Suppose -2*a - 3 + 13 = 0. Suppose 175 = 5*f + a*g - 100, -5*f + 4*g + b = 0. Is f composite?
False
Let b be 47/(-4) + 1/(-4). Let z = -12 - b. Suppose 3*c + z*c - 177 = 0. Is c prime?
True
Let k(y) = -927*y - 19. Is k(-6) a prime number?
False
Suppose -3*u = -5*p - 29250, 31 = 5*p + 16. Is u a composite number?
True
Let s(l) = l**2 - 13*l + 26. Let b be s(11). Let m = 31 - -18. Let k = b + m. Is k a prime number?
True
Suppose -4*x + l + 17 = 0, 3*x + 9 = -4*l - 2. Suppose -64 = -5*k + 3*q, k = -x*k + 5*q + 59. Let j = 48 - k. Is j prime?
True
Let l(x) = -691*x**3 - x**2. Let n be l(-1). Suppose -t = 4*t - n. Let h = -23 + t. Is h a prime number?
False
Let o be (-15967)/(-4) + (-21)/28. Suppose -l + o = -2*r, -5*r = 2*l + 2*l - 15912. Is l composite?
True
Is (15651 - -6) + 18 + -14 a prime number?
True
Let r(u) = -u**3 - u**2 + 1. Let p be r(0). Let s be 3 - ((1 - 1) + p). Suppose 450 + 644 = s*x. Is x prime?
True
Suppose 4*j + 0*z + 2*z = 137676, 3*j - 3*z = 103275. Is j prime?
True
Suppose 4*a + 11 = 51. Let y = a - 7. Suppose -y*u + 124 = u. Is u composite?
False
Let w(y) = -380*y - 2. Let a = -16 + 15. Let r be w(a). Suppose -4*p - 2*x - 13 = -507, 3*p - r = -3*x. Is p prime?
False
Suppose s = 7*s + 3366. Let u = s - -968. Is u a prime number?
False
Let t(p) be the first derivative of 51*p**2/2 + 4*p + 5. Is t(5) a composite number?
True
Suppose 0 = 2*i + i - 23106. Is i a composite number?
True
Let x = 13 + -19. Let f be x + 9 + -271 + -1. Let t = 523 + f. Is t a prime number?
False
Suppose -29 = u - 5*j - 113, 4*u = -5*j + 461. Is u a prime number?
True
Suppose 0 = -6*z + 73125 - 12999. Is z composite?
True
Suppose -15*y = -23*y + 7112. Is y prime?
False
Is (-118228)/(-11) + (5 - 0) a composite number?
False
Let a = -8799 + 17782. Is a prime?
False
Suppose -k + 5*w + 3 = k, 33 = -4*k - 3*w. Let a be ((-3)/k)/(2/8). Suppose a*c = -2 + 12, -4*c - 15 = -t. Is t a prime number?
False
Suppose -9*v = -49780 + 7291. Is v a prime number?
True
Let h(n) be the first derivative of -49*n**2 + 13*n + 10. Is h(-8) composite?
False
Let b(s) = -11*s**3 - 7*s**2 - 11*s. Is b(-5) a prime number?
False
Let c(z) = -2*z**3 + 2*z**2 - 5*z + 21. Let t(u) = u**3 - u**2 + 2*u - 11. Let s(v) = -4*c(v) - 7*t(v). Is s(5) prime?
False
Let o = 125 - -8. Is o prime?
False
Let m(a) = a + 2. Let k be m(0). Suppose 0 = -o + 4*z + 4, 5*o - 2*z = k. Is (2 - o)/(2/97) prime?
True
Suppose 31*q - 154570 - 74613 = 0. Is q prime?
True
Suppose -234558 = -26*o + 73880. Is o prime?
True
Suppose 0 = 18*u + 4*u - 54934. Is u a composite number?
True
Let b = 1177 - 667. Let t(w) = -6*w**3 + w**2 + w + 1. Let s be t(-1). Suppose k + b = s*k. Is k a prime number?
False
Let y = -48655 - -76662. Is y composite?
True
Suppose 4*i - 3*d - 15121 = 2*i, 3*d = 4*i - 30239. Is i a prime number?
True
Suppose 0 = 49*q - 51*q + 3*j + 51595, 25796 = q - j. Is q prime?
True
Let n be (-2)/5 + 84/10. Suppose -n*r + 3*r + 85 = 0. Let h(x) = 2*x**2 - 16*x + 11. Is h(r) a composite number?
False
Let a = 440 + -622. Is (a/(-28))/(1/34) a prime number?
False
Suppose -101 = -4*z + 39. Let y = 80 - z. Let o = 132 - y. Is o composite?
True
Suppose 5*l + 10 = 5*s, -5*l + 1 - 11 = 3*s. Let x(a) = 4*a + 223. Is x(s) a composite number?
False
Suppose 2*m + 2 = -5*q + 33, -3*q = -4*m - 3. Suppose 0 = -q*o - 5*c + 7565, -3*c = 2*o - 2*c - 3030. Is o a composite number?
True
Suppose 120378 = -97*t + 103*t. Is t a composite number?
False
Let w = 11 - 17. Let x be (22/3)/(w/171). Let y = 366 + x. Is y composite?
False
Let d(g) = -g**3 + 27*g**2 - 22*g + 19. Is d(10) a composite number?
False
Let f = -44410 - -90849. Is f a composite number?
False
Suppose 0 = -2*d + 699 + 631. Suppose -3*l = -k + d, 0 = -2*k + 3*l - 0*l + 1345. Is 10/(-4)*k/(-50) a prime number?
False
Let h(k) = 3*k**2 + 19*k - 29. Let x = 30 - 18. Is h(x) composite?
False
Suppose 3*z + z = 36. Let j(r) = 13*r + 10. Is j(z) composite?
False
Let p = 218 + 4174. Let u = 6619 - p. Is u composite?
True
Suppose 5*c + 30 = 11*c. Suppose c*u = -3*q + 10718, -2*u - u = 2*q - 7145. Is q a composite number?
False
Let i(p) = p**2 - 20*p - 65. Let j be i(23). Suppose 3*o + 1127 = 2*m - 0*o, 0 = 5*m - j*o - 2835. Is m a prime number?
True
Suppose 2*u + 16 = 26. Suppose 5*x = 15, u*x + 3530 = 3*c + 2*c. Is c a prime number?
True
Suppose 5*m + 223 = -0*o + 2*o, 0 = 2*m - 2*o + 88. Is (-3185)/m - 6/(-27) a prime number?
True
Let x(u) = -245*u - 183. Is x(-4) a prime number?
True
Suppose 2*m - 4*o - 60738 = 0, 3*m - 2*m - 4*o - 30379 = 0. Is m prime?
False
Suppose -4*z + 10 = 2. Suppose 0*q - 4*c = q - 42, -3*c = z*q - 64. Let y = q - -29. Is y a composite number?
True
Let r(v) = 27*v + 272*v + 337*v + 1. Suppose 5*m - 8*t + 10 = -3*t, m = 2*t - 6. Is r(m) composite?
True
Suppose 3*w - 1894 = -x + 1330, 2*w + 2*x - 2156 = 0. Is w prime?
False
Suppose -17*c - 829 = -29474. Is c a prime number?
False
Let g(z) = 3*z**3 + 14*z**2 - 14*z + 21. Let s be g(9). Is 1 + s/(-1 + 4) prime?
False
Suppose 0 + 2 = m + 3*o, -5*m + 40 = 5*o. Suppose -2*r + 4*r = 8. Is m*23 - 8/r composite?
False
Let n(q) = -4*q**2 + 10*q - 57. Let j(o) = -2*o**2 + 5*o - 29. Let m(c) = -5*j(c) + 2*n(c). Is m(14) a composite number?
False
Let x(z) = 9*z**2 - 2*z - 5. Suppose 68 = -7*w + 26. Is x(w) composite?
False
Let f(r) = r**3 + 11*r**2 + 11*r + 8. Let h(u) = -u**3 + 8*u**2 - 7. Let d be h(8). Is f(d) a prime number?
True
Let v(h) = 2*h + 6. Let i be v(-5). Let a(w) = 8*w**2 + 0*w + w**3 + 1 - 3*w - 7*w**2 + 8*w**2. Is a(i) prime?
False
Suppose 2*v + 18 = 5*n - 1, -3*v - 15 = -3*n. Suppose -5*s + 6 + 0 = 2*p, -p + 5*s + n = 0. Is (1780/15)/(2/p) a prime number?
False
Let a(u) = -10*u**3 + 8*u**2 - 26*u - 37. Is a(-9) composite?
True
Suppose -8*h + 56 = -24. Let s(c) = -10*c**2 + 25*c + 34. Let y(p) = -3*p**2 + 8*p + 11. Let l(o) = 2*s(o) - 7*y(o). Is l(h) prime?
True
Suppose -6 = -2*k + 4. Suppose 0*f = 2*f - 5*z - 988, -2*f + z = -980. Suppose 2276 = k*r - f. Is r composite?
True
Suppose 5*q = 4*x + 246 - 1625, -4*x = 2*q - 1386. Suppose -x = 4*i + 10422. Is ((-4)/(-8))/((-2)/i) composite?
False
Is (3 + (-145125)/(-6))*110/165 a prime number?
True
Is 247/76*-17188*(-3 - -2) prime?
False
Let w = 1507 - 1003. Suppose 4*d = 4*y + w, d - 103 = -3*y + 43. Is d composite?
False
Let s(m) be the third derivative of m**6/120 + 2*m**5/15 + 7*m**4/24 + m**3/6 + 14*m**2. Is s(-6) composite?
False
Let l(h) = 19*h - 9. Let g be l(5). Let q = g - 48. Let w = -17 + q. Is w prime?
False
Suppose w = -4*m - 14, m = -4*m - 5*w - 25. Is 14/m*(-66)/4 a prime number?
False
Let g be 1 - 4/(-20)*0. Is 3 - ((-389)/g - -3) a prime number?
True
Let y = 53583 + -38036. Is y a composite number?
True
Suppose 4*f + 415 = 4*j - 293, -f + 351 = 2*j. Is (-1 - j/(-6))*3 prime?
False
Suppose x - 5615 = 2*u, 18*u = 16*u + 8. Is x a prime number?
True
Is 4/10 - (298293/(-5) - -8) a composite number?
False
Is 10 + -8 + 56798 + -11 a composite numbe